Let f(o) = o - 3. Let x be f(-6). Let h(p) be the third derivative of p**4/24 + p**3/2 + 17941*p**2. Give h(x).
-6
Let g(r) = -r**2 - 2*r + 7. Let c = 44 - 96. Let s be (c/8 + 4)/((-3)/(-6)). Calculate g(s).
-8
Let w = -2440 - -2439. Let j(r) = -10*r**3 + 6*r**2 - r - 6. Determine j(w).
11
Let b(g) be the third derivative of g**6/60 + 13*g**5/60 + 17*g**4/24 + 21*g**3/2 + 822*g**2 - 3. Give b(-6).
-3
Let o(v) be the third derivative of v**6/8 - v**5/15 - 5*v**4/24 - v**3/2 - v**2 + 1054*v + 3. Determine o(-1).
-17
Let j(s) = s**3 - 14*s**2 - 31*s - 14. Let d be j(16). Let y(i) = -d + 5 - i + 4 + 6. Let a be (-2)/(-4) + 26/4. What is y(a)?
6
Let b(f) = 1 - 10*f**3 - 273*f - 275*f - 280*f + 826*f + f**2. What is b(1)?
-10
Suppose -5*n = -5*c - 15, 5*n = 3*n + 3*c + 6. Let a(q) = -4*q**3 - 2*q**2 + q + 20. Let t(l) = -l**3 - l**2. Let g(r) = n*t(r) - a(r). What is g(0)?
-20
Let s(k) = -173*k - 4*k**3 + 174*k - 2*k**3 - k**2 - 2*k**3. Calculate s(2).
-66
Let g(a) = -3*a**2 + a. Let l(s) = 2*s**2 - s. Let z(u) = g(u) + 2*l(u). Let r(y) = -1 - 7*y**2 + 6*y**2 + y - 4*y**2. Let t(o) = -r(o) - 4*z(o). What is t(3)?
19
Let j(w) be the second derivative of w**4/12 - 2*w**3/3 + 17*w**2/2 - w + 770. Determine j(4).
17
Let l = 1 + 0. Let f(m) be the second derivative of m**5/20 - m**4/6 + m**3/3 - 23419*m. What is f(l)?
1
Suppose 190 = -431*o + 2917 + 290. Let u(g) = -17*g + 12. What is u(o)?
-107
Let t(d) = 305*d**2 + 19*d + 232*d**2 - 533*d**2 - 2 - 7. Calculate t(-5).
-4
Let k(h) = -3*h**3 + 56*h**2 + 4*h + 3. Let s(i) = 4*i**3 - 59*i**2 - 5*i - 4. Let y(w) = -5*k(w) - 4*s(w). Calculate y(-44).
1
Let r(s) be the third derivative of -s**6/120 - s**5/12 + s**4/24 + s**3/6 + 144*s**2. Let g = -30 - -26. Determine r(g).
-19
Let y(a) = 481*a - 1447. Let p be y(3). Let h(c) be the third derivative of -5/6*c**3 + 0*c + c**2 - 7/24*c**4 + 0 - 1/60*c**5. Calculate h(p).
7
Let n(j) = 17669*j**2 - 3*j + 0 - 1 + 2 - 17666*j**2. Give n(2).
7
Let o(v) = -7447*v - 3080. Let x(z) = 580*z + 237. Let y(f) = -6*o(f) - 77*x(f). Give y(-11).
-11
Suppose -2*z = -2, 5*z + 5 = -3*d + 127. Let a(f) = -f + d + 47 - 74. Let j be 1/(-2)*(-2 - -2). Give a(j).
12
Let o(x) = -14*x - 14. Let q(l) = l**3 + 11*l**2 - 13*l - 13. Let f be q(-12). Let p(d) = 2*d + 1. Let g(w) = f*o(w) - 14*p(w). Calculate g(-2).
28
Let i(y) = -51*y - 3. Suppose 57 = -575*g + 518*g. Give i(g).
48
Let j(o) = -15*o**3 + 5*o**2 - 42. Let x(c) = 26*c**3 - 11*c**2 + c + 84. Let s(f) = -7*j(f) - 4*x(f). Calculate s(-9).
-6
Let l = -88 + 90. Let r(t) = -4*t + t**2 + 3*t**2 + t**l + 2*t - 4*t**2 + 2*t**3. Suppose 22 + 2 = -4*b - 4*j, 20 = -5*j. Determine r(b).
-8
Suppose -2*o - 2 = -5*w + w, 0 = -2*w - 2*o - 8. Let i be w - 3/(-5) - (-22)/5. Let q(n) = 0*n**3 + i*n**2 + n**3 + 12*n**2 - 12*n**2 + 4 - 4*n. What is q(-5)?
-1
Suppose -2*m + x - 4 = -5, 4*m + 3*x - 7 = 0. Let y(i) be the second derivative of 1/2*i**2 + 11 + 0*i**3 + 5*i + 2/3*i**4. Determine y(m).
9
Suppose 3*x - 51 = a, -a - 39 = -0*x + x. Let y be (-46)/a - 10/105 - 6. Let v(b) = b**3 + 5*b**2 - 5*b - 6. What is v(y)?
19
Let c(v) = -5*v**2 - 81*v - 65. Let i(u) = u**2 + 16*u + 13. Let n(s) = 2*c(s) + 11*i(s). Let t be n(-12). Let j(r) = r**2 + 10*r - 8. Give j(t).
3
Let t(q) be the third derivative of q**5/60 + 11*q**4/8 + 125*q**3/3 - 7098*q**2. Calculate t(-13).
-10
Let z = -1075 + 1078. Let b(k) be the first derivative of 1/2*k**2 - 1/4*k**4 - 2/3*k**z - 2*k - 2. Determine b(-2).
-4
Let c(l) = l**2 + 3*l - 10. Let x = -7514 + 7517. Determine c(x).
8
Suppose 0 = -2*m - 2*i + 11 + 9, m = i + 10. Suppose -m*t + 81 - 21 = 0. Let l(j) = -j + 3. What is l(t)?
-3
Let h(y) be the second derivative of -2*y**3/3 + 33*y**2/2 - 2133*y. Determine h(18).
-39
Let h(y) = y**2 - 2. Let c be h(-2). Let f be 18*39/9 + 7. Let q(w) = -85*w - f*w + 173*w - w**c. What is q(2)?
2
Let k(v) = -3*v**2 - 47*v + 135. Let d be k(-18). Let b(x) = -x**3 + 11*x**2 - 11*x - 10. What is b(d)?
53
Let p(o) = 5*o - 398 - 4*o**2 + 27*o + 387. What is p(8)?
-11
Let q(u) = u - 7. Suppose 3*p = -5*y + 21, -7 = -3*y + p - 0*p. Suppose 5*s = b + 20, 0*b - y*b - 24 = -3*s. Determine q(b).
-12
Let s(h) = -3. Let m(t) be the third derivative of t**4/12 + 3*t**3 + t**2 - 132. Let a(n) = -2*m(n) - 12*s(n). Calculate a(1).
-4
Let o(c) = -10 + 38*c + 13*c - 56*c. What is o(-2)?
0
Let n(r) = r**3 - r**2 + r - 1. Suppose 0 = v + 5*u + 21, -12 - 13 = 5*u. Let w(a) = -3*a**3 + 12*a**2 - 12*a + 17. Let c(q) = v*n(q) + w(q). Determine c(-9).
4
Let i(q) = 2*q - 21. Let u(v) = 2*v - 14. Let x(r) = 5*i(r) - 7*u(r). Let j(n) = -n. Let y(o) = -6*j(o) + x(o). What is y(5)?
3
Suppose -16613*c + 16609*c - 124 = 4*o, c = 4*o + 29. Let n(a) = 13*a**2 + 23*a + a**3 - 9*a + 25 - 2. Calculate n(o).
-1
Let n(l) be the second derivative of 0 + 1/20*l**5 + 3/4*l**4 - 5/2*l**2 + l**3 - 117*l. What is n(-8)?
11
Let q(l) = -13*l - 15. Let x(p) = 6*p + 11. Let v(g) = -2*q(g) - 5*x(g). Let t be v(-5). Let w(c) = 2*c**2 + 3*c + 2. Give w(t).
37
Let f = 15022 + -15073. Let z(q) = q**3 + 52*q**2 + 49*q - 102. What is z(f)?
0
Let n(t) = -t + 5. Let o be n(9). Let u(p) be the first derivative of -p**2/2 - p + 946. Give u(o).
3
Let l(m) = m - 19. Let f be l(26). Let i(u) = -f + u**3 - 3*u - 2*u - 3*u - 6*u**2. What is i(7)?
-14
Let c(o) = -4*o + 1. Let i be 36/54 + ((-112)/(-3))/4. Let g be 1/2*i - (-2 + 8). Determine c(g).
5
Suppose 141*d - 28*d = -664 - 240. Let r(b) = b**3 + 7*b**2 - 7*b - 10. Determine r(d).
-18
Let g(k) be the third derivative of k**5/60 - 3*k**4/8 + 7*k**3/6 + 3049*k**2. What is g(1)?
-1
Let o be (((-20)/(-8))/1 - -3)*2. Let n(h) = -6*h - o + 5 + 3*h. Let i = -4 + 0. Calculate n(i).
6
Let r(b) be the first derivative of -3*b**2 - b + 4. Suppose -3*w = -24 - 15. Suppose 2*f - w = -15. Determine r(f).
5
Suppose -g = -3*g + 14. Let b(n) be the third derivative of -61*n**2 + 7/24*n**4 + 0 + 1/120*n**6 + 0*n + 1/6*n**3 - 2/15*n**5. Calculate b(g).
1
Let g(j) be the second derivative of j**4/6 + j**3/2 - 3*j**2/2 - 11*j. Let k be ((-18)/1)/(-1 - 0). Suppose -4*y = 4*b - y - 20, -5*y + k = -b. Calculate g(b).
11
Let g(y) be the second derivative of -7/12*y**4 + 1/6*y**3 + 0 + 9/2*y**2 - 1/20*y**5 - 26*y. What is g(-7)?
2
Let d(h) = h**3 + 7*h**2 + 3*h - 14. Let a be d(-6). Suppose a*b + 8 - 4 = 0. Let w be 3/(3*b/(-1)). Let y(g) = g. Calculate y(w).
1
Let h(z) = z**3 - 18*z**2 + 16*z + 18. Let t(k) = 2*k**3 + 3*k**2 - 1. Let x be t(3). Suppose 5*p + 17*q - 90 = 12*q, x = 5*p - 5*q. Determine h(p).
1
Let f be 17646/714 - (-1)/((-7)/(-2)). Let a(z) = f*z**2 - 13*z**2 + 3 - 10*z + 6 - 11*z**2. Let o be 10*(1/(-5) - -1). What is a(o)?
-7
Suppose -7*s + 25 = 109. Let v(b) = -3*b**2 + 8 - 14 + 4*b**2 + 12*b + 1. What is v(s)?
-5
Let d(m) = 2*m + 6 - 4*m - 11. Let k be 6 + (2/(-7) - (-4)/14). Suppose 0 = -3*w + g - 25, k*w - 5*g + 48 = 2*w. Determine d(w).
9
Suppose -421*v = -425*v - 12. Let l(h) = h**2 + 11*h**2 + 4 - 15*h**2 + 2*h**2 + 3*h. Determine l(v).
-14
Let t(l) = -l**2 - 11*l - 13. Let k be t(-9). Suppose 7*a - 37 = k. Let i(b) = -3*b + 9. Let o(d) = d - 3. Let q(v) = 2*i(v) + 7*o(v). What is q(a)?
3
Let b(w) = w**2 - 14*w + 5. Suppose 22*g - 11*g = 8*g. Determine b(g).
5
Let g(h) = h**2 - 22*h + 6. Let l = -72 - -83. Suppose -2*v = 4*d - 80, -16*d + l*d + 2*v + 118 = 0. Give g(d).
6
Let u(k) = k. Let w(d) = -88*d + 869. Let f be w(10). Determine u(f).
-11
Suppose -34 = -5*q - 2*c, -4*c - 20 = -2*q - 8*c. Let m(v) = -89*v + 46*v + 42*v + q. Give m(9).
-3
Let l(u) = -u**3 - 5*u - 2*u + u**2 + 9 - 8*u**2 + 8*u. Suppose 0 = 119*i - 118*i - 6. Let f be (-39)/i + 6/(-12). Give l(f).
2
Let m(x) = -x**2 + 3*x**2 - 753*x + 4*x**3 + 20 + 765*x - 3*x**3. Determine m(-2).
-4
Let u(b) = b**2 - 7*b + 7. Let p(t) = t**2 - 9*t + 62. Let y(o) = -2*o**2 + 16*o - 123. Let c(i) = 9*p(i) + 4*y(i). Let v be c(5). Determine u(v).
1
Suppose -593 = 111*w - 149. Let v(c) be the second derivative of c**5/20 + c**4/4 - c**3 - 5*c**2/2 + 9*c. Calculate v(w).
3
Suppose 0 = -4*g - 4*s, s + 2*s + 15 = 0. Let z(b) be the second derivative of b**4/12 - 2*b**3/3 - b**2 + 567*b. Calculate z(g).
3
Let p = -7609 - -7621. Let f(t) = 2*t - 9*t - 11*t**2 + t**3 - 5*t + 0*t**3. Give f(p).
0
Let v(l) = 11*l - 47. Suppose 0 = -5*d - y + 12, -32 = -